lse
Let l(n) = 47507*n**2 - 4*n + 3. Is l(1) prime?
False
Let h = 9574 + -5157. Is h a composite number?
True
Suppose 3*f - 5*x = 42, -12*x + 11*x + 42 = 3*f. Is f composite?
True
Let y be 190 + -1*(-2 + 1). Suppose -2*w - w - 318 = 0. Let k = w + y. Is k composite?
True
Let x = 0 + 1. Let f(v) = 12*v + 11. Let q be f(-1). Is 8 + 286 + q/x composite?
False
Is 6/(-16) + (-1166355)/(-72) a composite number?
True
Suppose 8*s = 3*s - 5*t + 15, 0 = -2*t - 2. Suppose s*l - 3*l - 431 = 0. Is l a composite number?
False
Let d(o) = o**3 - 10*o**2. Let u be d(10). Is -10 + 9 + 516/(2 - u) a composite number?
False
Is (-10884340)/(-285)*(-6)/(-8) a composite number?
False
Suppose -8*z + 258072 = 47600. Is z a composite number?
False
Let j = 4612 - -18903. Is j a composite number?
True
Suppose -f - 267 + 372 = 0. Is 7/(0 - (-2 - f/(-53))) composite?
True
Let n(s) = s**3 + 18*s**2 + 17*s - 10. Let x be n(-17). Let d(h) be the third derivative of h**5/15 - 7*h**4/12 + h**3/6 + h**2. Is d(x) composite?
False
Is 4 + 2199*5/15 a composite number?
True
Let g = 7 - -56. Is g/4 + 3/(-4) prime?
False
Let p(v) = -33*v**3 + 4*v**2 + 16*v + 26. Is p(-7) prime?
False
Suppose -4*h - 8 = 0, -7*h + 3*h - 16 = -4*j. Suppose -j*t - 4*s + 82 + 324 = 0, 0 = 4*t - 3*s - 867. Is t a prime number?
False
Suppose -3*v + p = -415 - 184, 0 = -v + 4*p + 207. Suppose 3*s - 2*s - v = 0. Is s a composite number?
False
Suppose 7526 = 3*h + y, -2*h + 4*y + 5009 = 3*y. Is h composite?
True
Let q(d) be the first derivative of d**2/2 - d + 10. Let g be q(8). Suppose 488 = g*p - 1521. Is p a composite number?
True
Suppose -4*h + 7*u = 2*u + 28, -2*h + 5*u = 24. Let p be h/8 - 5631/(-12). Suppose -5*b = 3*i - 4*i - p, i - 95 = -b. Is b a prime number?
False
Suppose -1 + 7 = -2*b, m + 78 = b. Let t = -6 - m. Is (16/(-2))/(-4) + t a composite number?
True
Let u be (-2)/(-2) + 3/(-1). Let k(j) = j**2 + 1. Let v be k(u). Suppose 0 = 5*q - 4*q - v, 0 = -4*w - 2*q + 70. Is w a prime number?
False
Let j = 30 - -1703. Is j prime?
True
Let o(b) = 155*b**2 - 84*b - 363. Is o(-4) prime?
False
Let o(k) = 3*k**2 - 5*k + 3. Suppose 5*y + 4*t - 29 = 2*t, -y = -5*t + 5. Suppose 5*s + 5*j = 45, y*s - j = 22 - 1. Is o(s) a prime number?
True
Let v be 0/((-2)/((-2)/1)). Let f(c) = c**2 + 2*c + 4. Is f(v) composite?
True
Suppose -9*u + 34078 = -135221. Is u a composite number?
True
Suppose 132697 = 19*k - 195832. Is k a prime number?
True
Suppose 0 = -3*a + 6, 5*g = g + 3*a + 6. Let h(j) = 45*j**2 - 9 + 6 + g*j + j. Is h(2) a composite number?
True
Let f = 19 - 11. Suppose 2*p + 2*p - f = 0. Suppose 40 = 5*z + 3*t + 2*t, -3*t = -p*z + 26. Is z prime?
False
Let s be (-6 - -6) + (-8)/(2 - 3). Suppose 5*t - 2*b - 45 = 0, 5*t - t + 3*b - 59 = 0. Let m = t + s. Is m a composite number?
False
Suppose 2*m - 21998 - 7234 = -2*y, 5*m - 5*y = 73130. Is m prime?
True
Suppose n = 12*n - 53537. Is n a prime number?
False
Is (-127*(2 + -1))/((-21)/609) composite?
True
Let o = 131 - 127. Is o prime?
False
Let k = -3386 + 4795. Is k a composite number?
False
Suppose -27*z - 164605 = -32*z. Is z a composite number?
True
Let x = 27 + -23. Suppose -5*l - 3*c = -4256, -2*l + x*c + 1250 = -468. Is l a composite number?
False
Let d = 6464 + 28731. Is d prime?
False
Suppose 0 = 2*t + 4*s - 6482, t - 4*t - 2*s + 9743 = 0. Is t a prime number?
True
Let k = 205 + -121. Suppose -4*v + n + 14 = 0, -6*n + n = 5*v - 5. Suppose 69 + k = v*i. Is i composite?
True
Let o(f) be the second derivative of -f**5/20 - 5*f**3/6 - f**2/2 + 5*f. Is o(-4) prime?
True
Let s = 60 + -29. Let b = s + 22. Is b composite?
False
Let v(y) = y**2 + 9*y + 1. Let m be v(-9). Let c(u) = u**3 - 8*u**2 + 8*u - 8. Let g be c(7). Is g + (m - 3) + 94 composite?
True
Suppose 4*a = 5*a - 1. Let b(g) = 1 - 1 - a + 2 + 177*g. Is b(1) composite?
True
Let k = 6 - -76. Let o = 3 + k. Is o a prime number?
False
Let q = 41 + -221. Let d = q - -307. Is d a prime number?
True
Let s(o) = 10*o - 9*o + 19*o + 2 + 4. Let b be s(3). Suppose -a + b = a. Is a a prime number?
False
Let f be (-92)/(-20) + 6/15. Let r be f/(-2*(-4)/(-8)). Let h = 79 + r. Is h a prime number?
False
Suppose -7*q = -1344 - 3696. Let p = q + -87. Is p prime?
False
Suppose -44218 = -4*g + 2*p, -8*p + 55295 = 5*g - 6*p. Is g a prime number?
True
Let v(g) = -4*g - 5. Let h be v(-2). Suppose 0 = -b + h*b. Suppose -5*s - 4*l + 613 = b, -3*s - 3*l = l - 371. Is s a prime number?
False
Suppose -21205 = -5*f - 5*m, -f - 5*m = -3233 - 1008. Is f prime?
True
Suppose 4*f = 3*f + 6. Let j(u) = f*u + 11*u + 35*u + 1. Is j(3) prime?
True
Suppose -4*g + 0*g = -364. Let t = 128 - g. Is t composite?
False
Let o(x) = 2*x**3 + 8*x**2 + 6*x + 3. Let w be o(-3). Suppose 4*r + 4979 = w*m, -m - 4975 = -4*m + 2*r. Is m prime?
True
Suppose f + 7 = -3*u, 2*u + 11 = 3*f + 3*u. Suppose 3*m + f*m - 3048 = 0. Is m a prime number?
False
Let l(m) = 7*m**2 - 6*m - 14. Let d(j) = j**3 - 8*j**2 - 8*j - 2. Let r be d(9). Is l(r) prime?
False
Let r = -45462 - -64001. Is r composite?
False
Let c = 19417 - 12612. Is c a composite number?
True
Let q be (-8)/24 + 14/6. Suppose -5*g = u - 79, 3*g = -q*u - 2*u + 316. Is u a composite number?
False
Let p(r) = 79*r + 6. Let l be p(-12). Let j = 412 + l. Let i = -223 - j. Is i a composite number?
False
Let h(i) = -87931*i**3 - 10*i**2 - 11*i - 1. Is h(-1) prime?
True
Let y(g) = -g - 11. Let q be y(-16). Suppose -5*r = 2*a - 41 - 260, 4*r = q*a + 221. Is r a composite number?
False
Let t(b) = -2*b - 73 + 25*b**2 + 96 + 63*b**2. Is t(-6) composite?
False
Let g = 4641 - -11768. Is g composite?
True
Let r be (3/12*2 + -1)*30. Let u be 368/(-20) - 2/(-5). Let c = r - u. Is c a composite number?
False
Suppose 3*k - 4*g - 4 = 4, -2*k = -4*g. Let t(h) = -h**3 + 8*h**2 - h + 8. Let w be t(k). Suppose -2*s - a + 672 = 4*a, w = -5*s + 4*a + 1647. Is s composite?
False
Is (9138 - 7/(-1)) + -12 composite?
False
Let u be ((-1)/(-2))/((-4)/(-16)). Suppose -5*i = j - 860, 2*j + 2*i - 3350 = -u*j. Is j composite?
True
Let n be (-144)/(3/18*-4). Let h be -10 + 7 + (-728)/(-2). Let m = h - n. Is m composite?
True
Suppose -6*i + 13*i = 49. Is ((i - -145) + 1)*(-2)/(-6) a prime number?
False
Let w = 16 + 0. Let r(d) = 51*d - 35. Is r(w) composite?
True
Let z(v) = 164*v**2 + 4*v + 5. Let j(h) = -82*h**2 - 2*h - 2. Let c(g) = -7*j(g) - 3*z(g). Let t = -3 - -4. Is c(t) a prime number?
True
Is 45086/4 - (-392)/112 - 2 prime?
True
Suppose 143*a - 144*a - 12422 = 0. Is (-19 + 15)*a/8 a composite number?
False
Suppose 6531 = 18*v - 5907. Is v composite?
False
Let f(z) be the second derivative of z**5/12 + z**4/4 + 4*z**3/3 - 4*z**2 + 8*z. Let s(j) be the first derivative of f(j). Is s(-9) composite?
False
Let w = 417 - 246. Suppose 0 = 3*r + 4*m - 19 + 362, 4*r + 455 = -3*m. Let u = w + r. Is u composite?
True
Let x = 12 + -12. Suppose 2*w + x*w - 76 = 0. Suppose -3*j = -w - 79. Is j a composite number?
True
Suppose 22*o + 42128 - 1089394 = 0. Is o a prime number?
False
Let o(b) = 2*b**2 + 10*b - 7. Let g be o(-5). Let x be (-198)/(-63) - (-1)/g. Suppose -t - 5*i + 121 = -3*i, x*t + 2*i = 363. Is t prime?
False
Let w be ((-12)/(-15))/(9/(-135)). Let f = w + 12. Is f - -294 - (-8)/(-8) composite?
False
Suppose -4*w + 5*o + 50 = 9, 2*w - o = 13. Suppose 0 = 6*v - w*v - 398. Is v composite?
False
Let h(i) = 92*i**3 + 4*i**2 + 7*i + 1. Is h(4) a prime number?
True
Let p = -68595 + 152758. Is p a composite number?
False
Suppose 15*v - 1154 - 3901 = 0. Is v prime?
True
Let f = 768 + -1282. Let w = f - -885. Suppose -2*n + w = -n. Is n prime?
False
Let l = -28 - -30. Suppose -5*j - 1105 = -3*q, l*j + 4*q - 86 + 502 = 0. Let r = j + 379. Is r a prime number?
False
Suppose -3*b + 18 = 3. Suppose 2*v + h = 323, -3*h + 149 = v - b*h. Is v a prime number?
False
Let a(p) be the third derivative of -p**8/6720 - p**7/630 - p**6/240 + p**5/60 + p**4/8 - 5*p**2. Let g(n) be the second derivative of a(n). Is g(-4) prime?
False
Let m = -1992 - -5141. Is m a composite number?
True
Let c(m) = -25*m**3 + 2*m**2 + 5*m - 1. Let r(o) = -25*o**3 + 2*o**2 + 6*o - 1. Let w(k) = 4*c(k) - 3*r(k). Is w(-2) a prime number?
False
Suppose 26*m - 1156 = 22*m. Is m a prime number?
False
Is (-22721)/(-6) - 6/(-36) composite?
True
Let x(z) = -z**3 + 6*z + 187. Is x(0)